[INFO] cloning repository https://github.com/ZacJoffe/gameboy-emulator
[INFO] running `Command { std: "git" "-c" "credential.helper=" "-c" "credential.helper=/workspace/cargo-home/bin/git-credential-null" "clone" "--bare" "https://github.com/ZacJoffe/gameboy-emulator" "/workspace/cache/git-repos/https%3A%2F%2Fgithub.com%2FZacJoffe%2Fgameboy-emulator", kill_on_drop: false }`
[INFO] [stderr] Cloning into bare repository '/workspace/cache/git-repos/https%3A%2F%2Fgithub.com%2FZacJoffe%2Fgameboy-emulator'...
[INFO] running `Command { std: "git" "rev-parse" "HEAD", kill_on_drop: false }`
[INFO] [stdout] 367a93884a4ba543759d7b0a20824e66e8e61af5
[INFO] checking ZacJoffe/gameboy-emulator against try#72f88fc4e9458f89516a0b8b0868f3718aec5b47 for pr-74989
[INFO] running `Command { std: "git" "clone" "/workspace/cache/git-repos/https%3A%2F%2Fgithub.com%2FZacJoffe%2Fgameboy-emulator" "/workspace/builds/worker-7/source", kill_on_drop: false }`
[INFO] [stderr] Cloning into '/workspace/builds/worker-7/source'...
[INFO] [stderr] done.
[INFO] validating manifest of git repo https://github.com/ZacJoffe/gameboy-emulator on toolchain 72f88fc4e9458f89516a0b8b0868f3718aec5b47
[INFO] running `Command { std: "/workspace/cargo-home/bin/cargo" "+72f88fc4e9458f89516a0b8b0868f3718aec5b47" "read-manifest" "--manifest-path" "Cargo.toml", kill_on_drop: false }`
[INFO] started tweaking git repo https://github.com/ZacJoffe/gameboy-emulator
[INFO] finished tweaking git repo https://github.com/ZacJoffe/gameboy-emulator
[INFO] tweaked toml for git repo https://github.com/ZacJoffe/gameboy-emulator written to /workspace/builds/worker-7/source/Cargo.toml
[INFO] crate git repo https://github.com/ZacJoffe/gameboy-emulator already has a lockfile, it will not be regenerated
[INFO] running `Command { std: "/workspace/cargo-home/bin/cargo" "+72f88fc4e9458f89516a0b8b0868f3718aec5b47" "fetch" "--locked" "--manifest-path" "Cargo.toml", kill_on_drop: false }`
[INFO] running `Command { std: "docker" "create" "-v" "/var/lib/crater-agent-workspace/builds/worker-7/target:/opt/rustwide/target:rw,Z" "-v" "/var/lib/crater-agent-workspace/builds/worker-7/source:/opt/rustwide/workdir:ro,Z" "-v" "/var/lib/crater-agent-workspace/cargo-home:/opt/rustwide/cargo-home:ro,Z" "-v" "/var/lib/crater-agent-workspace/rustup-home:/opt/rustwide/rustup-home:ro,Z" "-e" "SOURCE_DIR=/opt/rustwide/workdir" "-e" "CARGO_TARGET_DIR=/opt/rustwide/target" "-e" "CARGO_HOME=/opt/rustwide/cargo-home" "-e" "RUSTUP_HOME=/opt/rustwide/rustup-home" "-w" "/opt/rustwide/workdir" "-m" "1610612736" "--user" "0:0" "--network" "none" "rustops/crates-build-env@sha256:d92eaeed33fa75130ca1ee6c8a01d1ffb62bac859dfdfb3450e3e5d1c0146529" "/opt/rustwide/cargo-home/bin/cargo" "+72f88fc4e9458f89516a0b8b0868f3718aec5b47" "metadata" "--no-deps" "--format-version=1", kill_on_drop: false }`
[INFO] [stdout] 14398178ba315092586cb421109a2644c55fa417d7c9dd99362f00ef206a50b0
[INFO] [stderr] WARNING: Your kernel does not support swap limit capabilities or the cgroup is not mounted. Memory limited without swap.
[INFO] running `Command { std: "docker" "start" "-a" "14398178ba315092586cb421109a2644c55fa417d7c9dd99362f00ef206a50b0", kill_on_drop: false }`
[INFO] running `Command { std: "docker" "inspect" "14398178ba315092586cb421109a2644c55fa417d7c9dd99362f00ef206a50b0", kill_on_drop: false }`
[INFO] running `Command { std: "docker" "rm" "-f" "14398178ba315092586cb421109a2644c55fa417d7c9dd99362f00ef206a50b0", kill_on_drop: false }`
[INFO] [stdout] 14398178ba315092586cb421109a2644c55fa417d7c9dd99362f00ef206a50b0
[INFO] running `Command { std: "docker" "create" "-v" "/var/lib/crater-agent-workspace/builds/worker-7/target:/opt/rustwide/target:rw,Z" "-v" "/var/lib/crater-agent-workspace/builds/worker-7/source:/opt/rustwide/workdir:ro,Z" "-v" "/var/lib/crater-agent-workspace/cargo-home:/opt/rustwide/cargo-home:ro,Z" "-v" "/var/lib/crater-agent-workspace/rustup-home:/opt/rustwide/rustup-home:ro,Z" "-e" "SOURCE_DIR=/opt/rustwide/workdir" "-e" "CARGO_TARGET_DIR=/opt/rustwide/target" "-e" "CARGO_INCREMENTAL=0" "-e" "RUST_BACKTRACE=full" "-e" "RUSTFLAGS=--cap-lints=forbid" "-e" "CARGO_HOME=/opt/rustwide/cargo-home" "-e" "RUSTUP_HOME=/opt/rustwide/rustup-home" "-w" "/opt/rustwide/workdir" "-m" "1610612736" "--user" "0:0" "--network" "none" "rustops/crates-build-env@sha256:d92eaeed33fa75130ca1ee6c8a01d1ffb62bac859dfdfb3450e3e5d1c0146529" "/opt/rustwide/cargo-home/bin/cargo" "+72f88fc4e9458f89516a0b8b0868f3718aec5b47" "check" "--frozen" "--all" "--all-targets" "--message-format=json", kill_on_drop: false }`
[INFO] [stdout] 6229b5951a66e2dd5d62597fb705306559ad31b1ad5dce2093594963b6a511ed
[INFO] [stderr] WARNING: Your kernel does not support swap limit capabilities or the cgroup is not mounted. Memory limited without swap.
[INFO] running `Command { std: "docker" "start" "-a" "6229b5951a66e2dd5d62597fb705306559ad31b1ad5dce2093594963b6a511ed", kill_on_drop: false }`
[INFO] [stderr]     Checking gameboy-emulator v0.1.0 (/opt/rustwide/workdir)
[INFO] [stdout] error[E0616]: field `vram` of struct `GPU` is private
[INFO] [stdout]   --> src/memory_bus.rs:60:47
[INFO] [stdout]    |
[INFO] [stdout] 60 |             VRAM_START..=VRAM_END => self.gpu.vram[(address - VRAM_START) as usize],
[INFO] [stdout]    |                                               ^^^^ private field
[INFO] [stdout] 
[INFO] [stdout] 
[INFO] [stdout] error[E0616]: field `vram` of struct `GPU` is private
[INFO] [stdout]   --> src/memory_bus.rs:64:45
[INFO] [stdout]    |
[INFO] [stdout] 64 |             OAM_START..=OAM_END => self.gpu.vram[(address - OAM_START) as usize],
[INFO] [stdout]    |                                             ^^^^ private field
[INFO] [stdout] 
[INFO] [stdout] 
[INFO] [stdout] error: aborting due to 2 previous errors
[INFO] [stdout] 
[INFO] [stdout] 
[INFO] [stdout] For more information about this error, try `rustc --explain E0616`.
[INFO] [stdout] 
[INFO] [stderr] error: could not compile `gameboy-emulator`.
[INFO] [stderr] 
[INFO] [stderr] To learn more, run the command again with --verbose.
[INFO] [stderr] warning: build failed, waiting for other jobs to finish...
[INFO] [stdout] error[E0616]: field `vram` of struct `GPU` is private
[INFO] [stdout]   --> src/memory_bus.rs:60:47
[INFO] [stdout]    |
[INFO] [stdout] 60 |             VRAM_START..=VRAM_END => self.gpu.vram[(address - VRAM_START) as usize],
[INFO] [stdout]    |                                               ^^^^ private field
[INFO] [stdout] 
[INFO] [stdout] 
[INFO] [stdout] error[E0616]: field `vram` of struct `GPU` is private
[INFO] [stdout]   --> src/memory_bus.rs:64:45
[INFO] [stdout]    |
[INFO] [stdout] 64 |             OAM_START..=OAM_END => self.gpu.vram[(address - OAM_START) as usize],
[INFO] [stdout]    |                                             ^^^^ private field
[INFO] [stdout] 
[INFO] [stdout] 
[INFO] [stdout] error: aborting due to 2 previous errors
[INFO] [stdout] 
[INFO] [stdout] 
[INFO] [stdout] For more information about this error, try `rustc --explain E0616`.
[INFO] [stdout] 
[INFO] [stderr] error: build failed
[INFO] running `Command { std: "docker" "inspect" "6229b5951a66e2dd5d62597fb705306559ad31b1ad5dce2093594963b6a511ed", kill_on_drop: false }`
[INFO] running `Command { std: "docker" "rm" "-f" "6229b5951a66e2dd5d62597fb705306559ad31b1ad5dce2093594963b6a511ed", kill_on_drop: false }`
[INFO] [stdout] 6229b5951a66e2dd5d62597fb705306559ad31b1ad5dce2093594963b6a511ed
